n 2363 is divided by 71.
20
What is the remainder when 350 is divided by 175?
0
Calculate the remainder when 146 is divided by 146.
0
What is the remainder when 461 is divided by 18?
11
Calculate the remainder when 339 is divided by 185.
154
What is the remainder when 174 is divided by 22?
20
What is the remainder when 119 is divided by 11?
9
Calculate the remainder when 548 is divided by 141.
125
Calculate the remainder when 112 is divided by 61.
51
Calculate the remainder when 64 is divided by 60.
4
What is the remainder when 1551 is divided by 388?
387
What is the remainder when 4673 is divided by 19?
18
Calculate the remainder when 7542 is divided by 184.
182
Calculate the remainder when 311 is divided by 100.
11
Calculate the remainder when 178 is divided by 10.
8
Calculate the remainder when 439 is divided by 11.
10
Calculate the remainder when 166 is divided by 37.
18
Calculate the remainder when 397 is divided by 174.
49
What is the remainder when 3681 is divided by 127?
125
Calculate the remainder when 493 is divided by 140.
73
Calculate the remainder when 279 is divided by 83.
30
Calculate the remainder when 157 is divided by 8.
5
Calculate the remainder when 326 is divided by 7.
4
Calculate the remainder when 105 is divided by 37.
31
Calculate the remainder when 908 is divided by 24.
20
Calculate the remainder when 1345 is divided by 670.
5
What is the remainder when 810 is divided by 269?
3
What is the remainder when 164 is divided by 129?
35
What is the remainder when 246 is divided by 51?
42
What is the remainder when 82 is divided by 11?
5
What is the remainder when 13654 is divided by 2?
0
Calculate the remainder when 227 is divided by 12.
11
What is the remainder when 1795 is divided by 62?
59
What is the remainder when 1831 is divided by 7?
4
Calculate the remainder when 260 is divided by 82.
14
Calculate the remainder when 2967 is divided by 135.
132
Calculate the remainder when 347 is divided by 12.
11
Calculate the remainder when 968 is divided by 390.
188
What is the remainder when 204 is divided by 189?
15
What is the remainder when 52 is divided by 27?
25
What is the remainder when 100 is divided by 5?
0
Calculate the remainder when 551 is divided by 542.
9
Calculate the remainder when 340 is divided by 90.
70
Calculate the remainder when 2632 is divided by 85.
82
What is the remainder when 141 is divided by 13?
11
What is the remainder when 96 is divided by 61?
35
Calculate the remainder when 19862 is divided by 52.
50
Calculate the remainder when 2549 is divided by 170.
169
What is the remainder when 333 is divided by 12?
9
Calculate the remainder when 104 is divided by 7.
6
What is the remainder when 1053 is divided by 350?
3
Calculate the remainder when 1273 is divided by 56.
41
Calculate the remainder when 264 is divided by 5.
4
What is the remainder when 511 is divided by 110?
71
What is the remainder when 1276 is divided by 100?
76
What is the remainder when 23 is divided by 23?
0
Calculate the remainder when 1539 is divided by 2.
1
Calculate the remainder when 1880 is divided by 82.
76
Calculate the remainder when 37 is divided by 4.
1
What is the remainder when 21515 is divided by 7171?
2
What is the remainder when 328 is divided by 30?
28
Calculate the remainder when 136 is divided by 63.
10
Calculate the remainder when 85 is divided by 11.
8
What is the remainder when 843 is divided by 11?
7
Calculate the remainder when 1902 is divided by 48.
30
What is the remainder when 1349 is divided by 24?
5
What is the remainder when 220 is divided by 116?
104
Calculate the remainder when 84 is divided by 5.
4
What is the remainder when 105 is divided by 15?
0
What is the remainder when 147 is divided by 106?
41
What is the remainder when 236 is divided by 68?
32
What is the remainder when 564 is divided by 185?
9
What is the remainder when 269 is divided by 35?
24
Calculate the remainder when 62 is divided by 16.
14
What is the remainder when 152 is divided by 11?
9
What is the remainder when 508 is divided by 245?
18
Calculate the remainder when 187 is divided by 38.
35
What is the remainder when 196 is divided by 85?
26
What is the remainder when 1361 is divided by 12?
5
Calculate the remainder when 899 is divided by 41.
38
What is the remainder when 225 is divided by 19?
16
Calculate the remainder when 81 is divided by 14.
11
What is the remainder when 195 is divided by 77?
41
Calculate the remainder when 442 is divided by 82.
32
What is the remainder when 12717 is divided by 6?
3
What is the remainder when 552 is divided by 7?
6
Calculate the remainder when 61 is divided by 30.
1
Calculate the remainder when 228 is divided by 41.
23
Calculate the remainder when 112 is divided by 6.
4
What is the remainder when 9501 is divided by 51?
15
What is the remainder when 824 is divided by 15?
14
What is the remainder when 1114 is divided by 51?
43
What is the remainder when 20270 is divided by 97?
94
Calculate the remainder when 559 is divided by 258.
43
Calculate the remainder when 139 is divided by 16.
11
What is the remainder when 663 is divided by 132?
3
What is the remainder when 2708 is divided by 10?
8
Calculate the remainder when 5084 is divided by 726.
2
What is the remainder when 1049 is divided by 53?
42
What is the remainder when 2821 is divided by 217?
0
What is the remainder when 508 is divided by 5?
3
What is the remainder when 531 is divided by 522?
9
Calculate the remainder when 131 is divided by 84.
47
What is the remainder when 44 is divided by 16?
12
Calculate the remainder when 258 is divided by 9.
6
What is the remainder when 37632 is divided by 195?
192
What is the remainder when 1643 is divided by 817?
9
Calculate the remainder when 200 is divided by 38.
10
Calculate the remainder when 11109 is divided by 11.
10
Calculate the remainder when 3195 is divided by 47.
46
Calculate the remainder when 50 is divided by 7.
1
What is the remainder when 81 is divided by 17?
13
What is the remainder when 885 is divided by 27?
21
Calculate the remainder when 213 is divided by 9.
6
Calculate the remainder when 4004 is divided by 15.
14
Calculate the remainder when 261 is divided by 6.
3
What is the remainder when 1703 is divided by 342?
335
What is the remainder when 240 is divided by 89?
62
Calculate the remainder when 535 is divided by 45.
40
What is the remainder when 262 is divided by 33?
31
What is the remainder when 982 is divided by 936?
46
Calculate the remainder when 2376 is divided by 39.
36
What is the remainder when 30449 is divided by 42?
41
Calculate the remainder when 80 is divided by 12.
8
Calculate the remainder when 1223 is divided by 49.
47
Calculate the remainder when 934 is divided by 121.
87
Calculate the remainder when 1043 is divided by 357.
329
What is the remainder when 567 is divided by 195?
177
What is the remainder when 174 is divided by 36?
30
What is the remainder when 439 is divided by 10?
9
Calculate the remainder when 94 is divided by 19.
18
What is the remainder when 659 is divided by 14?
1
What is the remainder when 208 is divided by 25?
8
What is the remainder when 1060 is divided by 18?
16
What is the remainder when 117 is divided by 43?
31
What is the remainder when 18 is divided by 14?
4
Calculate the remainder when 2704 is divided by 246.
244
Calculate the remainder when 204 is divided by 21.
15
Calculate the remainder when 292 is divided by 40.
12
What is the remainder when 749 is divided by 36?
29
Calculate the remainder when 4210 is divided by 52.
50
Calculate the remainder when 2410 is divided by 17.
13
What is the remainder when 413 is divided by 9?
8
Calculate the remainder when 114 is divided by 34.
12
What is the remainder when 184 is divided by 33?
19
What is the remainder when 332 is divided by 79?
16
What is the remainder when 20 is divided by 11?
9
What is the remainder when 212 is divided by 36?
32
Calculate the remainder when 100 is divided by 22.
12
Calculate the remainder when 11612 is divided by 48.
44
Calculate the remainder when 62 is divided by 13.
10
What is the remainder when 193 is divided by 29?
19
What is the remainder when 134 is divided by 15?
14
Calculate the remainder when 19146 is divided by 4.
2
Calculate the remainder when 152 is divided